6587 composite?
True
Is 33001 composite?
True
Is 5027 prime?
False
Is 306643 a composite number?
False
Is 352913 composite?
True
Is 167971 a composite number?
False
Is 670193 prime?
True
Is 152249 composite?
False
Is 205031 a composite number?
False
Is 356059 a composite number?
True
Is 377113 a composite number?
True
Is 2329 a composite number?
True
Is 9923 a prime number?
True
Is 11789 prime?
True
Is 27239 prime?
True
Is 129187 prime?
True
Is 36997 prime?
True
Is 55439 composite?
False
Is 26239 prime?
False
Is 13907 composite?
False
Is 620727 composite?
True
Is 69587 prime?
False
Is 104077 prime?
False
Is 42259 a composite number?
True
Is 107507 prime?
True
Is 11027 prime?
True
Is 16619 a prime number?
True
Is 15253 a composite number?
True
Is 4247 prime?
False
Is 1966141 a prime number?
False
Is 4861 a composite number?
False
Is 117017 prime?
True
Is 1397 prime?
False
Is 45251 a composite number?
True
Is 106 composite?
True
Is 127541 a composite number?
False
Is 3377 a prime number?
False
Is 256285 composite?
True
Is 1152157 prime?
True
Is 67939 a prime number?
True
Is 162143 a composite number?
False
Is 632703 a prime number?
False
Is 78977 a composite number?
False
Is 72397 prime?
False
Is 7246 a composite number?
True
Is 114701 composite?
True
Is 43481 prime?
True
Is 24943 a composite number?
False
Is 204047 composite?
False
Is 4727 a prime number?
False
Is 6767 a prime number?
False
Is 108751 composite?
False
Is 26149 a composite number?
True
Is 3761 prime?
True
Is 1855241 a prime number?
False
Is 92629 prime?
False
Is 42557 a prime number?
True
Is 303 prime?
False
Is 32909 composite?
False
Is 1511 composite?
False
Is 5779 prime?
True
Is 2174191 a composite number?
True
Is 2503277 a composite number?
True
Is 16447 a composite number?
False
Is 8417 composite?
True
Is 1461583 a composite number?
False
Is 44305 a prime number?
False
Is 446591 composite?
True
Is 12889 prime?
True
Is 10061 composite?
False
Is 4835 a composite number?
True
Is 285661 prime?
True
Is 62533 a prime number?
True
Is 149867 a prime number?
True
Is 4007 a composite number?
False
Is 13001 a prime number?
True
Is 343583 prime?
True
Is 77317 a prime number?
True
Is 225931 prime?
True
Is 39187 a prime number?
False
Is 74557 prime?
False
Is 270379 a composite number?
False
Is 9899 a prime number?
False
Is 43729 a composite number?
True
Is 42647 composite?
True
Is 209393 a composite number?
False
Is 71063 prime?
False
Is 183089 prime?
True
Is 99961 composite?
False
Is 534427 prime?
False
Is 553013 a composite number?
False
Is 185057 composite?
False
Is 19777 a composite number?
False
Is 191 composite?
False
Is 32909 a composite number?
False
Is 37426 a composite number?
True
Is 31237 a composite number?
False
Is 213449 a prime number?
True
Is 28471 prime?
False
Is 395803 a prime number?
True
Is 357583 a prime number?
True
Is 20789 a composite number?
False
Is 658113 composite?
True
Is 179997 a composite number?
True
Is 275963 composite?
False
Is 867145 composite?
True
Is 3389 a prime number?
True
Is 5534 prime?
False
Is 6609 composite?
True
Is 103231 a composite number?
False
Is 8039 a prime number?
True
Is 22109 composite?
False
Is 30407 prime?
False
Is 104827 prime?
True
Is 55609 a composite number?
False
Is 32939 composite?
False
Is 196111 a composite number?
False
Is 251243 composite?
True
Is 299171 a composite number?
False
Is 3935 composite?
True
Is 6059 a prime number?
False
Is 74699 a prime number?
True
Is 5669 composite?
False
Is 136055 a composite number?
True
Is 68345 a prime number?
False
Is 482593 a composite number?
False
Is 21353 a composite number?
True
Is 2761 prime?
False
Is 506263 composite?
False
Is 16949 prime?
False
Is 22189 composite?
False
Is 225977 a prime number?
True
Is 1001554 a prime number?
False
Is 99523 prime?
True
Is 168193 composite?
False
Is 38113 prime?
True
Is 4889 composite?
False
Is 12353 a prime number?
False
Is 185 a composite number?
True
Is 59333 prime?
True
Is 480203 composite?
False
Is 139547 a composite number?
False
Is 108247 composite?
False
Is 5294 composite?
True
Is 75877 a prime number?
False
Is 239893 a composite number?
False
Is 261959 a prime number?
True
Is 22051 a composite number?
False
Is 132239 composite?
True
Is 19829 a prime number?
False
Is 181253 prime?
True
Is 17233 prime?
False
Is 47237 prime?
True
Is 1010087 a prime number?
False
Is 3817 a prime number?
False
Is 2796739 prime?
False
Is 17269 a composite number?
True
Is 26669 a prime number?
True
Is 5353 a prime number?
False
Is 15037 a prime number?
False
Is 422459 composite?
False
Is 34955 a composite number?
True
Is 3685501 a prime number?
True
Is 380011 composite?
True
Is 79733 a composite number?
True
Is 538049 prime?
True
Is 429701 a prime number?
True
Is 44999 a prime number?
False
Is 673 a composite number?
False
Is 289909 prime?
False
Is 13751 a composite number?
False
Is 259 composite?
True
Is 409 composite?
False
Is 10511 composite?
True
Is 27647 prime?
True
Is 8317 a prime number?
True
Is 313931 prime?
True
Is 706385 prime?
False
Is 16811 prime?
True
Is 2413 prime?
False
Is 42899 composite?
False
Is 872317 a prime number?
True
Is 656281 composite?
True
Is 83033 a prime number?
False
Is 58209 prime?
False
Is 204641 composite?
False
Is 569573 composite?
False
Is 1201 prime?
True
Is 156467 a composite number?
False
Is 158333 a prime number?
False
Is 86611 a composite number?
True
Is 95701 a composite number?
False
Is 306197 a prime number?
False
Is 1571 a prime number?
True
Is 141443 prime?
True
Is 204857 a prime number?
True
Is 26099 a composite number?
False
Is 85787 a prime number?
False
Is 201473 composite?
False
Is 455881 a prime number?
True
Is 15501 a composite number?
True
Is 71819 composite?
True
Is 337 prime?
True
Is 1341761 prime?
False
Is 420293 a composite number?
False
Is 2999 prime?
True
Is 151273 prime?
True
Is 301789 a prime number?
True
Is 83041 a prime number?
False
Is 5609 a composite number?
True
Is 34387 prime?
False
Is 100981 a prime number?
True
Is 15721 a composite number?
True
Is 192773 prime?
False
Is 6659 a prime number?
True
Is 7235 a composite number?
True
Is 2482895 prime?
False
Is 127373 a composite number?
False
Is 2927 a prime number?
True
Is 5291261 prime?
True
Is 2763385 composite?
True
Is 28487 prime?
False
Is 86969 a composite number?
False
Is 8287 prime?
True
Is 277 composite?
False
Is 1027241 a composite number?
False
Is 4721 composite?
False
Is 11851 a composite number?
True
Is 6599 composite?
False
Is 14903 composite?
True
Is 4049 a composite number?
False
Is 3511 a composite number?
False
Is 2903 composite?
False
Is 6287 a composite number?
False
Is 429557 a composite number?
True
Is 610405 a composite number?
True
Is 592429 a prime number?
True
Is 3647 prime?
False
Is 9079 prime?
False
Is 46499 composite?
False
Is 9311 a prime number?
True
Is 38027 a prime number?
False
Is 57361 prime?
False
Is 489571 a prime number?
True
Is 404113 composite?
False
Is 191599 composite?
False
Is 979 a prime number?
False
Is 1259 composite?
False
Is 1139231 prime?
False
Is 6947 a prime number?
True
Is 87179 prime?
True
Is 22027 a composite number?
False
Is 721 prime?
False
Is 269441 a composite number?
False
Is 9201 a composite number?
True
Is 109253 a prime number?
True
Is 107837 prime?
True
Is 1759 composite?
False
Is 13682 a composite number?
True
Is 19661 composite?
False
Is 913 a prime number?
False
Is 158 prime?
False
Is 36734 composite?
True
Is 15079 a composite number?
True
Is 146591 a composite number?
True
Is 12562985 composite?
True
Is 72211 composite?
False
Is 5627 a composite number?
True
Is 395 a prime number?
False
Is 2194931 a composite number?
False
Is 666067 a prime number?
True
Is 78479 a composite number?
False
Is 9851 a prime number?
True
Is 669839 prime?
True
Is 171485 a composite number?
True
Is 110119 a composite number?
False
Is 809 a prime number?
True
Is 178274 a prime number?
False
Is 474569 a prime number?
True
Is 337699 a prime number?
False
Is 1277429 a composite number?
False
Is 920155 a prime number?
False
Is 194537 a composite number?
True
Is 171491 composite?
False
Is 63241 prime?
True
Is 111349 composite?
True
Is 36671 a composite number?
False
Is 488431 a composite number?
True
Is 554